6*z. What is the tens digit of v(z)?
7
Let o be ((-115)/(-69))/((-1)/219). Let q = o - -659. What is the hundreds digit of q?
2
Suppose -24 = -4*i, 0 = -5*l - 3*i + 233381 - 42898. What is the thousands digit of l?
8
Let u(z) = -z**3 + z**2 + 47*z + 15. What is the hundreds digit of u(-18)?
3
Suppose 3*j = -4*y - 912, 6*j + 2*y = 7*j + 304. Let t = 305 + j. What is the units digit of t?
1
Suppose z + 4*q - 24486 = -393, 0 = 2*z - q - 48231. What is the hundreds digit of z?
1
Let i be 15/(-45) - 16/6. What is the units digit of (-1532)/48*i + 1/4?
6
Suppose 24*v - 253224 = -6*v - 6*v. What is the thousands digit of v?
7
Suppose 428*g + 1330 = 433*g. Suppose -5*a = 2*d - g, -5*a = -3*d + 235 + 214. What is the units digit of d?
3
Suppose 18*y = -3*c + 22*y + 15091, 2*y + 10060 = 2*c. What is the tens digit of c?
2
Let s(k) = -k**3 + 8*k**2 + 6*k + 6. Let x be s(8). Suppose 0 = 2*v + v + 6, 2*i - x = 5*v. What is the tens digit of (i/6)/(1/3)?
1
Suppose 2094*u = 2096*u - 4152. What is the units digit of u?
6
Let k be ((-9)/315*-7)/(2/530). Suppose 64*g = k*g + 16093. What is the thousands digit of g?
1
Let o(m) = 2*m**2 - 15*m - 10. Suppose 0 = 3*k - 2*k - 5, -i - 4*k + 9 = 0. What is the units digit of o(i)?
7
Suppose 0 = -8*y - 0*y + 64. What is the units digit of (-4)/y + 1083/6?
0
Suppose 5*y + 3*l - 18681 = 0, -7 = -2*l - 13. What is the hundreds digit of y?
7
What is the units digit of (63/(-378) - 1/2)*(-82602)/4?
7
Let o be 4/(-6) - (-3 + (-721)/(-21)). Let t = 35 + o. What is the tens digit of (-415)/(-3) - 1/t - -2?
4
Suppose -30*i - 230206 = -61*i. What is the thousands digit of i?
7
Suppose -3*d + 23867 = -11204 + 5515. What is the thousands digit of d?
9
Suppose 5*b = -v + 8*b - 1, 5*b = -v - 17. What is the tens digit of v - (-12375)/20 - 1/(-4)?
1
Suppose -o + 2857 = -394. What is the hundreds digit of o?
2
Let u = -78 - -83. Suppose 2*g + 21 = u*q + 7, -3*g = -q + 8. Suppose q*x - 32 = 240. What is the tens digit of x?
3
Let g = -741 - -464. Let k = g + 548. What is the tens digit of k?
7
Suppose 4*q - 21974 = -3*f, f = -3*q + 2*q + 5494. What is the units digit of q?
2
Suppose -3*g - 33 = 5*p, 2*p - 4*g + 49 = 15. Let d = p + 66. Let w = d - 7. What is the tens digit of w?
5
Suppose 3*w + 3*n = -0*n - 12, 0 = 4*w - 3*n - 12. Suppose -3*u = 0, w = -4*v - v - 3*u + 285. What is the tens digit of v?
5
Let u = -4 - -33. Let h = -33 + u. What is the units digit of -1*(-46 + -2 - h)?
4
Let s be 1*3 - (7 - 9 - -3). Suppose 0 = -s*g + b + 6, -2*g + 27 = 3*b + 5. Suppose -g*q + 364 = -3*y, y - 5*y - 214 = -3*q. What is the tens digit of q?
7
Suppose 2*f = x - 8 - 9, 2*x + 38 = -5*f. Let r(a) = a**3 + 7*a**2 - 11*a + 1. Let d be r(f). Suppose d*g = 23*g + 34. What is the tens digit of g?
1
Let t be ((-16)/20)/(4/10). Let h be (180/(-30))/(t + 0). Suppose 4*p = -h*n - n + 104, 3*p = 6. What is the units digit of n?
4
Let r = 17155 + -10042. What is the thousands digit of r?
7
What is the hundreds digit of ((-18736669)/(-102))/49*6?
4
What is the thousands digit of (-6)/13 - 252414/(-13)?
9
Let l = -421 - -634. Suppose -29*o + 17*o = -36. Suppose -2*k + 203 = 3*p - k, 3*k = -o*p + l. What is the tens digit of p?
6
Let w(s) = -s**2 + 13*s - 10. Let v be 4/(-14) + (-580)/28 + 1. Let c = 29 + v. What is the tens digit of w(c)?
2
Let k = -26097 - -36739. What is the units digit of k?
2
Suppose -337*n - 3*q = -341*n + 46590, 0 = 2*n - 5*q - 23316. What is the hundreds digit of n?
6
Suppose 41*a = -h + 43*a + 2, 3*h - 11 = 5*a. Let u(z) = z + 247. What is the units digit of u(h)?
9
What is the tens digit of -2*11/((-77)/8680)?
8
Let p be ((-238)/(-6))/(1/150). Suppose -381*c = -376*c - p. What is the thousands digit of c?
1
Let p(k) = 150*k**2 + 20*k - 68. What is the thousands digit of p(5)?
3
Suppose 5 + 25 = 5*o, -4*n + 128514 = -o. What is the hundreds digit of n?
1
Suppose 437*r - 15926 - 20222 = 435*r. What is the hundreds digit of r?
0
Let k = 123 - 67. Suppose 3*y = 3*g + 1676 - k, -2*y = 4*g - 1104. What is the tens digit of (1/(-2))/((-8)/y)?
3
Suppose -m + 82 = 77. Suppose -48*k + 2*v - 2712 = -50*k, -5*v - m = 0. What is the tens digit of k?
5
Suppose 5*y - s - 19 = 0, -y + 3 + 3 = 2*s. Suppose 0 = -4*z + 2*q + q + 621, -815 = -5*z - y*q. What is the units digit of z?
9
Let h(u) = u**2 - 11*u + 6. Let t be h(10). What is the units digit of 6 - (3 + 6 + t)?
1
Let a = -76 + 78. What is the tens digit of a + (-176)/(-3)*(-12)/(-2)?
5
Let y(o) = o**2 + 12*o + 26. Let f be y(-2). Suppose v - 321 = 4*i, -f*v + 587 = -4*v + 3*i. What is the hundreds digit of v?
3
Suppose n = -4*j + 13351, 45*n = 50*n + j - 66831. What is the tens digit of n?
6
Let b(t) = -3*t + t**2 - 1821 + 1772 + 2*t**2 - 2*t**2. What is the units digit of b(23)?
1
Suppose 6*n - 9*n + 2 = -2*d, 2*n = 2*d. Suppose -d*v - 888 = -5*v. What is the tens digit of v?
9
Suppose 8*u - 667 = 17*u - 8155. What is the units digit of u?
2
Suppose -2*n - 10 = 4*h + 24, -5*h - 41 = n. What is the units digit of -1 - (-10 + 5 - h) - -50?
6
Suppose 2160 = -44*u + 152*u. Let k(c) = -c**3 + 4*c**2 - 4*c + 3. Let i be k(-5). Suppose 24*d - i = u*d. What is the tens digit of d?
6
Let x be 20/(20/(-5))*(-6)/5. Suppose -x*r = -606 - 1656. What is the units digit of r?
7
Suppose -k + 2*m - 20 = -5*k, 3*m = 2*k - 10. Let q(i) = i**3 - 14*i**2 + 34*i - 274. Let n be q(13). What is the units digit of (((-35)/(-2))/k)/(n/(-2))?
7
Let i(v) = v**3 - v**2 + 13*v + 6. Let g be i(6). Let z = 303 - g. What is the tens digit of z?
3
Let q(w) = -26*w**3 + 2*w**2 + 1. What is the thousands digit of q(-6)?
5
Let d(r) = -r**3 + 18*r**2 - 15*r + 26. Let g be d(17). Let i = 186 + g. What is the hundreds digit of i?
2
Let u(c) = -c**3 + 17*c**2 + 2*c - 21. Let n be ((-6)/9)/(4/(-102)). What is the tens digit of u(n)?
1
Suppose 5*y - 2*c = 135407 + 112557, -c + 99182 = 2*y. What is the hundreds digit of y?
5
What is the hundreds digit of ((-39)/3)/(-1) + 8383?
3
Let i = 1400 - -3068. What is the hundreds digit of i?
4
Suppose -2*t - k + 47 = -3*t, t - 2*k = -52. What is the tens digit of (5 + -16)*t + 2?
6
Let s(l) = 3*l + 90. Let q(m) = -2*m**2 - 13*m - 29. Let x be q(-6). Let j be s(x). Let z = 44 + j. What is the tens digit of z?
6
Suppose -2*p + 67 = -15. Let s = p + -9. Let q = s + 105. What is the tens digit of q?
3
Let k be 6/(132/40 + -3). Let j be (k/4 - 1) + 275. Suppose 351 + j = 9*p. What is the tens digit of p?
7
Let l(j) = j**2 + 7*j + 36. Let w be 8 - (-22 + -2 + -1). What is the hundreds digit of l(w)?
3
Let d(r) = 14*r + 71. Let s be d(5). Suppose t - 235 = -s. What is the tens digit of t?
9
Let m(j) = -j**3 + 4*j**2 - j - 4. Let l be m(3). Let x(c) = -2 + 22*c - 15*c**2 - 17*c + 13*c**2 + c**3. What is the units digit of x(l)?
8
Let m be 10200/(-25) + -3*1. Let z = 964 + m. What is the tens digit of z?
5
Let w be (4084/3)/(78/(-117)). Let x = w + 2926. What is the units digit of x?
4
Suppose -2*k + k - 5*w = -6, 5*k = 2*w - 24. What is the hundreds digit of k/(-5) + 138105/275?
5
Suppose -4*u = -5*h + 223, 4*h - 110 = -0*u + 2*u. Let j = u + 94. What is the units digit of j?
7
Suppose 63 = 7*n - 28. Let x = n + -11. Suppose x*r = -r + 270. What is the tens digit of r?
9
Let s be ((-348)/(-145))/(4/(-10)). Let a be -2*2/6*3. What is the units digit of s/(-18) - a/3?
1
Let j = -143 - 64. Let m = 636 + j. What is the hundreds digit of m?
4
Let r be (2/4)/(5 + 348/(-72)). Suppose m - 3*j = 455, 0*m = 3*m - r*j - 1359. What is the units digit of m?
2
Suppose 108 + 88 = -7*n. Let y = n + 114. Let q = -11 + y. What is the tens digit of q?
7
Suppose -5*i + 34438 = f, -5*i + 5*f = 9*f - 34447. What is the thousands digit of i?
6
Let o(j) = -83 + 64 - 8*j + 6 + 130. What is the units digit of o(-7)?
3
Let z = 20192 - 11176. What is the units digit of z?
6
Suppose 3*p + 3*g - 14 = 2*g, 24 = 4*p + 4*g. Suppose p*y = 4*m - 1268, 9*y = m + 6*y - 309. What is the hundreds digit of m?
3
Let j(s) = 2*s**3 + 145*s**2 - 15*s - 555. What is the tens digit of j(-70)?
9
Let g(p) = 8*p**2 + 117*p - 333. What is the ten thousands digit of g(33)?
1
Let h(n) = -18*n**3 + 3*n**2 + 10*n + 11. Suppose 3*i = -x + 1 - 6, 5*x + 3 = -4*i. What is the hundreds digit of h(i)?
1
Let f(v) = -2*v + 49. Let h = -115 + 92. What is t